st common factor of t and 17.
17
Let t(s) = 6*s - 19. Let a(n) = -3*n - 6. Let l be a(-5). Let f be t(l). Suppose 3*o - 49 = f. What is the highest common factor of o and 56?
28
Let o = -16 - 39. Let p be 10/o - 48/(-22). Suppose -p*d = -5*q + 66, 3*d = -q + 4*d + 15. What is the greatest common divisor of 4 and q?
4
Let z(a) = 309*a - 1. Let p be z(1). Let w(i) = -i + 21. Let s be w(-7). Calculate the highest common divisor of p and s.
28
Let n(h) = h**3 + 7*h**2 + 6*h + 5. Let s be n(-6). Suppose a - s = -0*a. Calculate the highest common factor of 40 and a.
5
Let d be (60 - 68)*8/(-2). What is the highest common divisor of d and 896?
32
Suppose -2*q + 3*t + 34 = 0, -3*t - 16 = t. Let v(o) = 100*o**3 - 3*o**2 + o + 1. Let n be v(1). Calculate the highest common factor of n and q.
11
Let a be (-3)/(-2)*(12/(-3) + 10). What is the highest common divisor of a and 309?
3
Let r be -5 - ((-6)/2 + 2). Let d be 0/(5 + r) + 22. Let o = -154 - -264. What is the greatest common divisor of o and d?
22
Let l be 7 + (7 - 6 - -113 - 1). What is the greatest common divisor of l and 72?
24
Let b(g) = g + 21 - 5*g - 18 + 85*g**2. Let i be b(1). What is the highest common divisor of 21 and i?
21
Suppose -160*z = -164*z + 12. Suppose 5*s + 4*y = 109, -s + z*y + 37 = -0*s. Calculate the highest common factor of 225 and s.
25
Let r be 3*22/165*160. What is the highest common divisor of r and 20?
4
Let h(n) = -n**2 + 4*n + 2. Let l be h(4). Let a(m) = m - 17. Let i be a(9). Let r be i/(-2) + (-15)/(-15). Calculate the greatest common divisor of l and r.
1
Let d(i) = 49*i**3 - 2*i + 2. Suppose 3*y - 7 = -k, 4*y + 5*k = -4 + 28. Let j be d(y). Suppose x - j = -13. What is the greatest common divisor of x and 4?
4
Let a be 214/2 - 8/(16/6). Calculate the highest common divisor of a and 260.
52
Let o be 2/(-9) + 652/18. Let s = -18 + o. What is the greatest common factor of 198 and s?
18
Let s be (2800/(-150))/((-2)/3). Suppose -7 = -g - 0*g. Calculate the greatest common divisor of s and g.
7
Let s = -264 + 315. What is the highest common divisor of s and 6?
3
Suppose 21 = 4*b - 3*q, 2*b + 2*q - 33 = -q. Let u be 8/4 - (-2)/2. Let h(k) = k**2 - 3*k + 3. Let i be h(u). Calculate the greatest common divisor of i and b.
3
Suppose 285 = 5*n + 5*g, 5*g = 91*n - 88*n - 131. What is the greatest common factor of n and 260?
52
Suppose w + 49 - 168 = 0. Suppose 0 = 4*b - 121*j + 124*j - 56, 4*b + 4*j - 52 = 0. What is the greatest common factor of w and b?
17
Suppose -4*z - 10 + 26 = 0. Suppose -10 = -c + 18. What is the greatest common divisor of z and c?
4
Suppose 3*b = -4*h + 744, -5*b - 4*h = -b - 996. What is the greatest common divisor of b and 28?
28
Let o be 4/108*-3 + (-13374)/(-81). Calculate the greatest common factor of o and 30.
15
Suppose 2*u = -2*c + 2278, -u - 1147 = 4*c - 5*c. What is the greatest common factor of 18 and c?
9
Suppose -2*i = -5*o - 71, -4*o + 0 + 72 = 3*i. Let c(w) = w**2 + 10*w + 28. Let n be c(-7). What is the highest common divisor of i and n?
7
Suppose 3*k - 169 = 164. Let y be 1314/36 + 2/4. Calculate the highest common divisor of k and y.
37
Let c(p) = 95*p - 4. Let d be c(-1). Let g = -67 - d. What is the highest common factor of g and 24?
8
Let n = -237 - -622. What is the highest common divisor of n and 70?
35
Suppose -5*n - l - 49 = -11, -3*l = -3*n - 30. Let u(j) = -j**2 - 6*j + 19. Let k be u(n). Suppose -k + 0 = -3*z. What is the highest common factor of 4 and z?
1
Let f = -231 - -271. Calculate the highest common factor of 50 and f.
10
Let g be 357/(-119) - -1*71. What is the highest common factor of g and 816?
68
Suppose -4*d + 156 = -2*q, 5*d - 189 = 4*q - 0*q. What is the greatest common divisor of 287 and d?
41
Suppose -2*a - 4*n = -70, 4*n - 8 = -0*n. Suppose 0 = -5*d - 2*w + 2244 - 539, 5*d + 5*w - 1705 = 0. Calculate the highest common factor of a and d.
31
Let w be 10/(5/(-20)*1). Let u be 222/8 - (-5)/w*-2. What is the greatest common factor of 35 and u?
7
Let m be 1*(4 - 3)*7. Let k = -72 + m. Let r = -21 - k. What is the highest common divisor of 66 and r?
22
Suppose -162 = 5*v + 43. Let l = v - -47. What is the highest common factor of 102 and l?
6
Let g(a) = -a**3 + 60*a - 11. Let p be g(7). Suppose 4*d + 2*b - 32 = -0*b, -2*d + 3*b = 0. Calculate the highest common divisor of d and p.
6
Suppose 4*y = 3*m + 675, 0 = y - m - 11 - 158. Suppose -2*v - v + y = 0. Let g be 6/21*(-245)/(-10). What is the greatest common factor of g and v?
7
Suppose -5*i + 7*i - 324 = 0. Calculate the highest common factor of i and 126.
18
Let g = 36 - 26. Let r(y) = -1. Let c(v) = -v**3 + 7*v**2 - 7*v + 13. Let i(d) = -c(d) - 3*r(d). Let s be i(8). Calculate the greatest common factor of g and s.
10
Let v = 13 + -7. Suppose -19*i + 1890 = 26*i. What is the greatest common factor of i and v?
6
Suppose -5*n = 5*a - 40, 4*n + 6*a - a = 36. Suppose 5*g + 4*z = 50, -n*g + 0*z = 2*z - 34. What is the highest common divisor of g and 96?
6
Suppose -33*r + 29*r = -792. Suppose -3*b + r = -66. What is the greatest common divisor of b and 11?
11
Suppose 10*g + 5*y = 11*g - 430, 4*y = 4*g - 1800. Calculate the greatest common divisor of 130 and g.
65
Let m = -258 + 914. What is the greatest common factor of m and 16?
16
Let a be -1 + (85 - (-1)/1). Let u(m) = -m**3 + 14*m**2 + 14*m + 32. Let g be u(15). What is the highest common divisor of g and a?
17
Suppose 4*h + 10 = -h. Let r be (-1)/(-2) + (-141)/h. Suppose -5*n - 2*w = -r, n = w - 4*w + 9. What is the highest common divisor of 3 and n?
3
Suppose -5*m + 363 = 4*i - 319, -2*i - 128 = -m. What is the highest common divisor of m and 469?
67
Suppose -63*w = -6350 + 1058. Calculate the greatest common divisor of 112 and w.
28
Let k(q) = -q - 4. Let r be k(-6). Let n be (4/(-5))/(r/(-60)). Let a be (-7 - (-3)/1) + 12. Calculate the greatest common factor of n and a.
8
Let k(n) = n**2 + 25*n + 104. Let v be k(-21). What is the highest common divisor of v and 16?
4
Let z = -354 + 361. What is the highest common factor of 126 and z?
7
Let r be (60/(14 - 8))/(2/8). What is the highest common divisor of 25 and r?
5
Let c be (-1)/4 - ((-74113)/52 + 15). Calculate the greatest common factor of c and 60.
30
Let n(w) be the first derivative of 3*w**3 + w**2/2 - 10. Let v be n(1). Calculate the greatest common factor of 10 and v.
10
Let c = -22 + 30. Suppose 11*g = c*g + 60. Calculate the highest common divisor of g and 4.
4
Suppose 4*y - h = 85, y - 2*h - 15 = -3*h. What is the greatest common factor of 20 and y?
20
Let i be (4 - 60/(-10)) + (-2 - -1). Calculate the greatest common divisor of 33 and i.
3
Let z be 3 - (-3 - (1 + -5)). Suppose -16 = z*r - 34. What is the highest common factor of 36 and r?
9
Let d = 4 + -8. Let i be (-5)/d + 6/8. Suppose 24 = o + i*o. What is the greatest common divisor of 4 and o?
4
Suppose -114 = 3*i - i. Let g = i - -125. What is the highest common divisor of g and 17?
17
Suppose 0 = 6*u - u + 95. Let j = u + 16. Let n = 5 - j. What is the highest common factor of 2 and n?
2
Let i(f) = -4 - 4 + 6 + 1 + 23*f. Let h be i(2). Suppose 38 = 2*v - 22. Calculate the greatest common factor of h and v.
15
Suppose p + p = 8. Suppose -3*n - p*c = -41, c - 10 = -c. Suppose 2*l = -h + 14, -2*h + 21 = l + 2*l. Calculate the highest common divisor of n and l.
7
Let g = 7 + -5. Suppose -181 = -2*k - y, -5*k = -g*y - 706 + 258. Suppose 2*w = 4*o + 96, -w - w + o = -k. What is the highest common divisor of w and 110?
22
Suppose -77*y + 113*y = 14580. What is the greatest common divisor of 45 and y?
45
Let s(g) = g**3 + 5*g**2 - 6*g + 6. Let r be s(-6). Let t be 4/12 + (-272)/r. Let j be t/(-4) - (-9)/12. Calculate the greatest common factor of 18 and j.
6
Let d = 38 - 20. Let f be (8/(-6))/(6/(-9)). Suppose 3*l = 3*y + 33, 5*l + f*y - 14 = l. Calculate the greatest common factor of d and l.
6
Let i be (-260)/(-78) + 2/3. Suppose -5*c + 542 = -4*r, i*r = 5*c + 9*r - 515. What is the greatest common factor of c and 53?
53
Let y(o) be the first derivative of 1 - 3/2*o**2 + o. Let q be y(-3). What is the highest common factor of q and 4?
2
Let v be (-24)/(-4) - (2 + 2). What is the greatest common divisor of 54 and v?
2
Suppose 28 = -k + 26. Let d be (-1)/k + 6*4/16. Calculate the highest comm